mainder when b(5) is divided by 8?
6
Calculate the remainder when (-2 - -90) + (1 - (-8)/4) is divided by 23.
22
Suppose 4*w + i - 87 = 0, -5*w + 3*i + 2*i + 115 = 0. Calculate the remainder when 130 is divided by w.
20
Suppose -3*y - 40 = 11. Let t(x) = x**3 - 4*x - 3. Let p be t(-2). Let n = p - y. What is the remainder when 40 is divided by n?
12
Let f = 60 + -22. Calculate the remainder when f is divided by 11.
5
Suppose 0 = -3*x + 5*x + 12. Calculate the remainder when (x/9)/((-2)/93) is divided by 16.
15
Suppose 0 = 4*f - n - 12, -f = 4*n - 3. Suppose 2*z + 45 = f*z. Calculate the remainder when z is divided by 23.
22
Suppose 7*d - 4*d - 3 = 0. Suppose 81 = 5*x + d. Calculate the remainder when x is divided by 6.
4
Let m(i) = i**3 - 5*i**2 + 4*i - 6. Let x be m(4). Let n(l) = -3*l + 7. Calculate the remainder when n(x) is divided by 9.
7
Let o(i) = -i**3 + 6*i**2 - 3*i + 2. Let u be 6/4 + (-7)/(-2). What is the remainder when 35 is divided by o(u)?
11
Let c(a) = 9*a - 1. Let d be c(2). Calculate the remainder when 32 is divided by (-1 - (-3 - -1))*d.
15
Let o = -5 + 13. Suppose -3*z = -5 - 4. Let c = z - 0. Calculate the remainder when o is divided by c.
2
Let h = 1 - -1. Let d = 5 - 3. Suppose d*g + 7 = h*x - 7, -3*x - 4*g + 42 = 0. What is the remainder when x is divided by 4?
2
Suppose -2*g - 2*g = -96. What is the remainder when 71 is divided by g?
23
Suppose 4*p - 74 - 110 = 0. Let k(d) be the second derivative of -7*d**3/6 - 2*d**2 + d. What is the remainder when p is divided by k(-4)?
22
Let z(w) be the first derivative of 8*w**2 - 3*w - 6. What is the remainder when z(3) is divided by 16?
13
Let c(t) = -112*t - 1. What is the remainder when c(-1) is divided by 38?
35
Let l(x) = x**2 + 6*x - 3. Calculate the remainder when 37 is divided by l(-8).
11
What is the remainder when ((-6)/(-8))/(9/612) is divided by (-54)/(-4) + 3/(-6)?
12
Let r be (-3)/(9/15) - -2. Let m be (-2)/(-8) + 138/24. Let u = r + m. What is the remainder when u is divided by 2?
1
Suppose -z = 2*z + 135. Calculate the remainder when 348/(-8)*(-2)/3 is divided by z*((-10)/6)/5.
14
Let l(w) = w**2 + 7*w - 5. Calculate the remainder when l(5) is divided by 19.
17
Suppose -5*g - 16 + 1 = 0. Calculate the remainder when (10*g)/((-4)/6) is divided by 16.
13
Let f = 211 - 20. Calculate the remainder when f is divided by 48.
47
Let j(x) = -x**3 + 6*x**2 + 4. What is the remainder when j(6) is divided by 1 + (-3)/5 - 130/(-50)?
1
Let j = 74 - 64. What is the remainder when j is divided by (4/(-3))/((-1)/3)?
2
Suppose 10*p = 9*p + 12. What is the remainder when 15 is divided by p?
3
Let a be (-2)/(-7) + (-12)/(-7). Suppose 2*m - 70 = -2*x, -m - 3*m + 3*x + 119 = 0. Calculate the remainder when m is divided by (11/(-2))/((-1)/a).
10
Suppose -5*f - 60 = -5*v, 5*v + f = -0*f + 90. Calculate the remainder when 32 is divided by v.
15
Let j(f) = -4*f**2 - 2*f + 8. Let a be j(2). Let l be (-3)/(-1)*2/(-3). Let p = l - a. What is the remainder when 28 is divided by p?
8
Suppose p + 66 = 4*p. What is the remainder when 64 is divided by p?
20
Let u = -24 + 39. Suppose 0 = 8*l - 6*l - 8. Calculate the remainder when 58 + l/16*0 is divided by u.
13
Let n = 131 - 94. What is the remainder when n is divided by (-6)/(-14) + 176/14?
11
Let n = -12 + 13. Calculate the remainder when n + (37 - (-3 + 0)) is divided by 14.
13
Suppose -a = 3*k - 46, -3*a + 2*k + 86 = -2*k. Let h = -25 - -27. Suppose -h*o + 40 - 1 = 3*s, 2*o - 19 = s. What is the remainder when a is divided by o?
10
What is the remainder when (((-2)/(-1))/4)/((-15)/(-990)) is divided by 18?
15
Suppose -2 = x - 17. What is the remainder when x is divided by 8?
7
Suppose -3*l + 0*l = -69. Suppose 0 = -5*y + 165 + 860. Suppose -269 = -4*k - 2*f - f, -3*k + y = -f. Calculate the remainder when k is divided by l.
22
Let r = -50 + 116. What is the remainder when r is divided by 17?
15
Let r(y) = y**3 + 10*y**2 - 12*y - 6. What is the remainder when r(-11) is divided by 2?
1
Let f(i) = 7*i + 1. Let w be f(1). Suppose -w*s - 35 = -13*s. What is the remainder when 19 is divided by s?
5
Let l(o) = -8*o + 7. Let n(y) = y**2 + 10*y + 5. Calculate the remainder when l(-5) is divided by n(-11).
15
What is the remainder when 939/15 + (-4)/(-10) is divided by 16?
15
Calculate the remainder when 2*((-123)/(-2) + (1 - 0)) is divided by 16.
13
Let l be (0 - (0 - -3)) + 3. Let c = l - -18. What is the remainder when 33 is divided by c?
15
Suppose 2*h = -h. Let w = h - -3. Let k(v) = v - 1. Calculate the remainder when k(6) is divided by w.
2
Let u(k) = 3*k**2 + k + 4. Calculate the remainder when 32 is divided by u(2).
14
Let y(g) = 12*g**2 - 7*g + 1. What is the remainder when 134 is divided by y(2)?
29
Suppose -7*t = 3*k - 9*t - 50, 44 = 3*k - 5*t. Calculate the remainder when 25 is divided by k.
7
Let r = -50 + 65. What is the remainder when 42 is divided by r?
12
Suppose -4*g + 435 = -629. Let s be 4/(-10) - g/10. Let r = -17 - s. Calculate the remainder when r is divided by 4.
2
Suppose 3*t = 4*a - 12, 13 = a + 5*t + 33. Suppose a = -c - c + 18. Suppose -4*r - 40 = -108. Calculate the remainder when r is divided by c.
8
Let c(i) = -14*i + 10. Let w be c(-7). Let o = -58 + w. What is the remainder when o is divided by 17?
16
Let x(n) = 6*n**2 - 14*n - 4. Calculate the remainder when 178 is divided by x(4).
34
Let a(p) = 2*p**3 + 55*p**2 + 27*p + 24. What is the remainder when a(-27) is divided by 9?
6
Let r(y) = 58*y + 3. What is the remainder when r(1) is divided by 2/(-1) + 18 - 0?
13
Calculate the remainder when 39 is divided by 22 + (-10 - -6) + 6.
15
Calculate the remainder when 46 is divided by 5 + (-1)/3 + 35/15.
4
Let y(l) be the second derivative of -3*l - 1/20*l**5 - 1/3*l**3 - 1/4*l**4 - 5/2*l**2 + 0. Calculate the remainder when y(-4) is divided by 10.
9
Suppose -a = 2*z - 60, -12 = z + a - 43. What is the remainder when z is divided by 7?
1
Suppose -4*f + 84 = -j - 36, -f = -4*j - 45. Calculate the remainder when 53 is divided by f.
24
Calculate the remainder when (-2)/(-9) + 2555/45 is divided by 12.
9
Suppose 3*v - 15 = 0, a + v = -v + 22. Let h(x) = x**2 + 7*x - 9. Calculate the remainder when h(-11) is divided by a.
11
Suppose 4 = p - 3. Let k(c) = 2*c - 7. Let z = 48 - 29. Calculate the remainder when z is divided by k(p).
5
Suppose 2*h + 2 = 0, 263 - 47 = 5*t - h. Let n = t - 24. Let d = 26 + -16. Calculate the remainder when n is divided by d.
9
Let h(a) = a**3 - 6*a**2 - 8*a - 1. Let t be h(7). Let w(d) = -d + 7. Let b = 6 + 23. What is the remainder when b is divided by w(t)?
14
Let x(d) = 11*d + 1. Let j be x(-4). Let y = -1 + j. Let g = -12 - y. What is the remainder when g is divided by 11?
10
Let f(z) = 38*z**2 + z + 2. Calculate the remainder when f(2) is divided by 53.
50
Suppose -12 = -4*i + i, z + 4*i - 34 = 0. Suppose -16 = -b + 18. What is the remainder when b is divided by z?
16
Let x = 189 - 84. Calculate the remainder when x is divided by 36.
33
Suppose -2*l + l + 6 = 0. Let b(i) = 4*i - 1. Calculate the remainder when b(l) is divided by 54/(-15)*20/(-6).
11
Let z = -48 - -87. Suppose 5*c - 3*i - 85 = 2*i, -3*c = 3*i - z. Suppose b + 0*x + x - 6 = 0, 0 = -5*x + c. Calculate the remainder when 4 is divided by b.
1
Suppose -v - 3*g = 9, -2*g + 1 = v + 6. Suppose -v*p - 7 = -4*p. What is the remainder when 12 is divided by p?
5
Let w = 6 + -3. Suppose -z = 5 - w. What is the remainder when 26 is divided by (-1)/z - (-27)/2?
12
Let d(g) = -g**2 - 3*g + 2. Let u be d(-6). Let y = u - -49. What is the remainder when y is divided by 12?
9
Let g = -7 - -7. Let a(s) = s + 36. What is the remainder when a(g) is divided by 13?
10
Suppose -15*w + 45 = -10*w. What is the remainder when 141 is divided by w?
6
Let v(w) = -20*w - 5. Let j be 0/(-1) + (-4)/1. Let c be v(j). Suppose 4*n - c = -n. What is the remainder when n is divided by 8?
7
Let q(g) = -g**3 - 8*g**2 - 6*g - 4. Let h be q(-7). Let k = 2 - h. What is the remainder when 24 is divided by k?
11
Let t = 36 + -26. Let o(d) = d - 13. What is the remainder when t is divided by o(19)?
4
Suppose -5*p - 5*h + 95 = 0, -3*p + 119 = 2*p - 3*h. Suppose -3*g = -7*g. Suppose g = -a + 2*a - 8. What is the remainder when p is divided by a?
6
Suppose 92 = 5*l + 27. Calcul